) = -4*u + 2 + 0*u + m*u. Calculate p(-4).
-6
Let u(d) be the first derivative of 5*d**2/2 - 6*d - 2. Let x(g) = 4*g - 6. Let n(j) = 6*u(j) - 7*x(j). What is n(-5)?
-4
Let l(y) = -259*y + 8*y**2 + 2 + y**3 + 262*y - 3*y**2. Determine l(-5).
-13
Suppose 7*a - 18 = -53. Let w(q) = 0*q - 3 - 4*q + 3*q. Calculate w(a).
2
Let r(u) = 6 + 4*u**2 - 7*u**2 - 7*u - u**2. Let z(n) = -2*n**2 - 3*n + 3. Let w(i) = 6*r(i) - 13*z(i). Let o = 3 + -5. Determine w(o).
11
Suppose -3 = -5*o + q + 22, 3*o + 3*q + 3 = 0. Let m(l) = l**2 - 2*l + 5. Give m(o).
13
Suppose -x + 3*d = 1, 0 = -3*x - 0*d + d + 21. Suppose -5*h + x = -n - 2*h, 15 = 3*h. Let w(s) = -n*s - 3 + 2*s + 3*s. Calculate w(-2).
1
Let c(u) = u + 1. Let s(w) = -w**3 + 5*w**2 - 6*w + 1. Let b(k) = -2*c(k) - s(k). Let n(t) = 7*t + 60. Let q be n(-8). What is b(q)?
-3
Let b(s) = 4*s**2 - 2*s - 2. Let c = -92 + 94. What is b(c)?
10
Let u(t) = t**3 - t**2 - 6. Suppose -15 = -3*a - 3*l - 3, -3*a + 3*l = 12. Give u(a).
-6
Suppose 5*z - z = 0. Suppose 2*i + 3*u + 0*u + 12 = z, -i - 16 = 4*u. Let c(r) = -3*r + i*r + 8 - r**2 - 6. Give c(-5).
-8
Let b(p) = -23*p + 8. Let h(d) = -8*d + 3. Let s(q) = 6*b(q) - 17*h(q). Give s(3).
-9
Let o(f) be the first derivative of 7/4*f**4 + 7 - 1/2*f**2 + 0*f + 0*f**3. What is o(1)?
6
Suppose 6*m = 4*m. Suppose 3*i - 5*t - 6 = m, i + t = 2*i. Let d(x) = 5 + 0*x + 2*x + 2*x**2 - x**2 - 1. Calculate d(i).
7
Let z be -10 + 1 - 27/(-9). Let f(l) = -3*l - 5. Let d(m) = -7*m - 11. Let o(a) = 2*d(a) - 5*f(a). Calculate o(z).
-3
Let g(o) = 2*o - 9. Let c be g(5). Let a(b) = 10*b + 6*b - 18*b - c. Calculate a(1).
-3
Let i(u) = -u + 4 + 6 - 5 + 3. Let x(a) = a**3 - 6*a**2 + 4*a + 5. Let v be x(5). Give i(v).
8
Suppose -4*a + 7 + 1 = 0. Let y(p) = -5*p + a - p**3 + 3 + 6*p - 5*p**2. Calculate y(-5).
0
Let t(z) = -z. Let q be 27/7 - (-12)/84. Calculate t(q).
-4
Let d(z) = -7*z**2 - 8*z. Let n(h) = 3*h**2 + 4*h. Suppose y + 5 = 2*y. Let f(a) = y*n(a) + 2*d(a). Calculate f(-3).
-3
Let h(l) be the third derivative of l**6/120 - l**5/30 - l**4/8 - l**3/2 - l**2. Give h(3).
-3
Let l(i) = -8*i**2 + 3*i + 4. Let q(u) be the second derivative of 2*u**4 - 4*u**3/3 - 11*u**2/2 + 3*u. Let p(z) = -8*l(z) - 3*q(z). Calculate p(-1).
-7
Let n(r) be the first derivative of -5*r**3/3 - r**2/2 - r + 23. Calculate n(-1).
-5
Let i(l) be the second derivative of 13*l**3/6 + 6*l. Calculate i(1).
13
Let x be (1/2)/((-6)/(-36)). Let t(c) = -c + x - c**3 + 0*c + 3. Calculate t(0).
6
Let z = 6 + -6. Let i(j) = -3*j + 4 + z - 2 - 1. Calculate i(2).
-5
Let n(v) = -v**2 - 1. Let r(j) = 8*j**3 - 5*j**2 - j - 5. Let i(g) = 5*n(g) - r(g). Suppose 3*x + x = -4. Give i(x).
7
Suppose 4*x + 5*h + 5 = 25, h = 0. Let o(a) = -4 - 5*a + 5*a + 6*a - x*a. Calculate o(-5).
-9
Let n(a) = 0*a - 25 + 32 + a. Suppose -2*f - 16 = -6*f. Let z(k) = k + 6. Let t(o) = f*n(o) - 5*z(o). Give t(5).
-7
Let f(u) = 5*u + 7. Let h(o) = 9*o + 13. Let n(c) = 11*f(c) - 6*h(c). Give n(-8).
-9
Let k(s) = -3*s + 2. Let l(u) = u**3 + 5*u**2 + 3*u + 1. Let j be l(-3). Suppose 0*c + 5*c - j = 0. Determine k(c).
-4
Let q(s) be the second derivative of -s**3/2 + 3*s**2 + s. Let y(i) = 5*i + 2. Let c(j) = 5*j + 3. Let h(o) = -3*c(o) + 4*y(o). Let v be h(1). Give q(v).
-6
Let v = -36 + 41. Let r(y) = -y + 6. What is r(v)?
1
Let g be (-2)/(-11) - 12/66. Let b(h) be the third derivative of 2/3*h**3 + g + 0*h - 1/6*h**4 + 2*h**2 - 1/60*h**5. Give b(-5).
-1
Let z be -1 - -3 - (-2)/1. Suppose -3*g + z*g + 5 = 0. Let u(r) = r + 4. What is u(g)?
-1
Let q(z) = -2*z**2 - 3*z + 4. Let u(s) = -s + 2. Let g be u(3). Let h(t) = 2*t - 3*t**2 - 2*t. Let d be h(g). What is q(d)?
-5
Suppose -2*s + 9 = s. Suppose -s*t = -0*t. Let u = t - 0. Let f(p) = -p**2 + p - 4. Determine f(u).
-4
Let q = -1 - -6. Let g be (-3)/(-6)*(-1 - -3). Suppose 4*z - g + q = 0. Let k(y) = -4*y**3 + y + 1. What is k(z)?
4
Let h(f) = f**2 - 10*f + 7. Let l be h(10). Let i(w) = 9 - 3 - w - l - 5. Determine i(-6).
0
Let i(s) be the second derivative of -1/3*s**3 + s + 3*s**2 + 0. Let h(v) = -2*v + 21. Let b be h(8). Determine i(b).
-4
Let n = -13 - -10. Let k be -7 - -1*(n + 6). Let s(d) = d**3 + 4*d**2 + 2*d + 5. What is s(k)?
-3
Let l(o) be the first derivative of -o**4/4 + 5*o**3/3 + 5*o - 23. What is l(4)?
21
Let t(h) = -2*h - 18*h**2 - h + 7*h. Let v(k) = -19*k**2 + 5*k. Let j(u) = -6*t(u) + 5*v(u). Give j(-1).
12
Suppose -4*g - 5*u = 0, 2*u + 1 = -2*g - 1. Let r(q) = -6*q**2 - 15*q - q**3 + 7*q + 4*q + 0 + 7. Give r(g).
2
Suppose 0 = 2*u - 15 + 11. Let m(w) = 2*w**2 - 2*w - 1. Determine m(u).
3
Suppose 12*c = 14*c - 6. Let s(a) = -a**3 + 4*a + 1. Determine s(c).
-14
Let m(i) = -i**3 - 5*i**2 - 3*i + 3. Let j be (45/60)/(1/(-4)). Calculate m(j).
-6
Let s(w) = w**3 - w + 1. Let b(y) = 9 + 7*y**3 + 0*y**3 - 9*y + y**2 + 2*y**2. Let c(f) = -b(f) + 6*s(f). Calculate c(-3).
-12
Let d be 6/3 - (-6 - -3). Let j(n) = 10*n**3 + 4*n**2 + 7*n**3 - 18*n**3 + 6 + 5*n. Give j(d).
6
Let i(y) = 5*y**2 + y - 2. Let b(d) = -d**2 + d - 1. Let c(k) = 4*b(k) + i(k). Let x(v) = -v**3 - 5*v**2 - 5. Let l = -10 - -5. Let u be x(l). What is c(u)?
-6
Let d = 18 + -29. Let o(i) = -i - 4. Give o(d).
7
Let n(c) = -2*c**2 - 7*c - 2. Let q be n(-3). Let t(u) = -u**3 - u**2 - u + 1. Determine t(q).
-2
Suppose -h - 6 = -18. Suppose 2*v = -v + h. Let c(d) = -4 - 4 - d + 12. Determine c(v).
0
Let j(f) = -f + 8. Let m(i) = -1. Let h(s) = -j(s) + 5*m(s). Give h(6).
-7
Let o = 8 - 6. Let y(i) = -i**3 + 3*i**2 - 2. Determine y(o).
2
Let r(h) = h**2 - 10*h + 10. Let q be r(9). Let k(l) be the first derivative of 3*l**3 + l**2/2 + 1. Determine k(q).
10
Let p(c) = -3*c + 2 + 5 - 10 + c**2. Give p(5).
7
Let w(q) = -q + 6. Suppose 2*y = 2*g - 6, 2*y - y = 5. Give w(g).
-2
Let j(d) = 7*d**3 + 13*d**2 - 3*d - 11. Let w(s) = -11*s**3 - 20*s**2 + 5*s + 17. Let p(f) = 8*j(f) + 5*w(f). What is p(-3)?
3
Let l(p) = p - 4. Let t be (-18 + 0)*(-4)/12. Let u be l(t). Let f(o) = o**3 - 2*o**2 - 2*o + 3. Calculate f(u).
-1
Suppose 3*z + 5*a = 10 + 24, 2*z - 5*a - 6 = 0. Let c(w) be the first derivative of 1 + z*w - 1/2*w**2. What is c(4)?
4
Let z(q) = -q**3 - 5*q**2 - 2*q + 2. Let x(f) = f**2 + 6*f - 18. Let g be x(-8). Give z(g).
-6
Suppose -4*s = -85 + 73. Let q(c) = -2*c**3 + 3*c**2 + 3*c + 4. Calculate q(s).
-14
Let g(r) be the second derivative of r**3/6 - 11*r**2/2 - 24*r. Calculate g(10).
-1
Let c be 1/(-4) + (-5)/(-20). Suppose -3*u - 9 = -c*u. Let t(g) be the first derivative of -g**2/2 - 4*g + 1. What is t(u)?
-1
Let r(b) = b**3 + 9*b**2 + b. Let x(o) = o**3 + 10*o**2 + o + 1. Let h(k) = 5*r(k) - 4*x(k). Let f be (2/(-4))/(2/(-4)). Let n be (5/(10/(-8)))/f. What is h(n)?
8
Let r(o) = 87*o**2 - 4*o - 88*o**2 - 2 + 3. Determine r(-3).
4
Let j(t) = -20*t + 7. Let o(n) = 10*n - 4. Let b(c) = -2*c + 11. Let a be b(8). Let y(m) = a*o(m) - 3*j(m). Give y(1).
9
Suppose 0 = 24*g - 28*g. Let j(z) be the second derivative of z + 1/6*z**4 + 1/6*z**3 + g*z**2 - 3/20*z**5 + 0. What is j(-1)?
4
Let o(l) be the third derivative of l**4/24 + 2*l**3/3 - 59*l**2. Suppose 3*y + 10 = 25. Suppose -5*c + 3*b = -8 + 32, y*b = -2*c + 9. What is o(c)?
1
Let h(k) = -6*k - 6. Let a(d) = 2*d + 2. Let i(z) = 14*a(z) + 5*h(z). What is i(3)?
-8
Let j(s) = s**3 - s**2 + s. Let q(x) = x**3 + 2*x**2 + x - 1. Let a(f) = 2*j(f) - q(f). Determine a(2).
-5
Let h(y) = 15*y + 3. Let a(d) = d. Let l(p) = 12*a(p) - h(p). Give l(-6).
15
Let a be 4 + (2 - 0 - 3). Let w = a + 2. Let q(z) be the third derivative of z**5/60 - z**4/12 - z**3 - 2*z**2. Calculate q(w).
9
Let l = 0 + 0. Suppose -s - 2*s + 15 = l, -4*v = -s + 21. Let i be 19/(-4) - v/(-16). Let c(x) = x**2 + 5*x + 2. Give c(i).
2
Let k(g) = g - 2. Let o be (-4)/(-10) + (-26)/(-10). Let m be (7 - 1)/o - -7. Suppose 0 = 2*h + r - 4 + 1, m = -3*r. What is k(h)?
1
Let p be (-7)/(-21)*6/1. Suppose 10 = -2*k - k + 5*f, -4*f + 8 = -5*k. Let o(h) = h - 4*h + k*h. Calculate o(p).
-6
Let b(k) = 5*k**3 - 3*k. Let w(y) = -15*y**3 + 8*y. Let c(s) = -11*b(s) - 4*w(s). Let r be (-2)/(9 - 3)*-3. Give c(r).
6
Let w(i) = -2*i**3 + 2*i**2 - i + 2. Let k be -1*(-3)/(3/25). Suppose 15 = 5*d - k. Let f = d + -6. What is w(f)?
-8
Let o be (2*2)/((-4)/6). Let z = o + 10. Let p(l) = -l. Let j(v) = 2*v + 1. Let u(d) = 6*j(d) + 15*p(d). Calculate u(